{"id":774,"date":"2025-12-02T08:55:50","date_gmt":"2025-12-02T08:55:50","guid":{"rendered":"http:\/\/sarihaliyikama.com\/?page_id=774"},"modified":"2025-12-04T16:37:12","modified_gmt":"2025-12-04T16:37:12","slug":"hakkimizda","status":"publish","type":"page","link":"https:\/\/sarihaliyikama.com\/index.php\/hakkimizda\/","title":{"rendered":"HAKKIMIZDA"},"content":{"rendered":"<div data-colibri-id=\"774-c1\" class=\"style-783 style-local-774-c1 position-relative\">\n  <!---->\n  <div data-colibri-component=\"section\" data-colibri-id=\"774-c5\" id=\"about\" class=\"h-section h-section-global-spacing d-flex align-items-lg-center align-items-md-center align-items-center style-787 style-local-774-c5 position-relative\">\n    <!---->\n    <!---->\n    <div class=\"h-section-grid-container h-section-boxed-container\">\n      <!---->\n      <div data-colibri-id=\"774-c6\" class=\"h-row-container gutters-row-lg-0 gutters-row-md-0 gutters-row-0 gutters-row-v-lg-0 gutters-row-v-md-0 gutters-row-v-0 style-788 style-local-774-c6 position-relative\">\n        <!---->\n        <div class=\"h-row justify-content-lg-center justify-content-md-center justify-content-center align-items-lg-stretch align-items-md-stretch align-items-stretch gutters-col-lg-0 gutters-col-md-0 gutters-col-0 gutters-col-v-lg-0 gutters-col-v-md-0 gutters-col-v-0\">\n          <!---->\n          <div class=\"h-column h-column-container d-flex h-col-lg-auto h-col-md-auto h-col-auto style-789-outer style-local-774-c7-outer\">\n            <div data-colibri-id=\"774-c7\" class=\"d-flex h-flex-basis h-column__inner h-ui-empty-state-container h-px-lg-0 h-px-md-0 h-px-0 v-inner-lg-0 v-inner-md-0 v-inner-0 style-789 style-local-774-c7 position-relative\">\n              <!---->\n              <!---->\n              <div class=\"w-100 h-y-container h-column__content h-column__v-align flex-basis-100\">\n                <!---->\n              <\/div>\n            <\/div>\n          <\/div>\n          <div class=\"h-column h-column-container d-flex h-col-lg-auto h-col-md-auto h-col-auto style-790-outer style-local-774-c8-outer\">\n            <div data-colibri-id=\"774-c8\" class=\"d-flex h-flex-basis h-column__inner h-px-lg-2 h-px-md-2 h-px-2 v-inner-lg-2 v-inner-md-2 v-inner-2 style-790 style-local-774-c8 position-relative\">\n              <!---->\n              <!---->\n              <div class=\"w-100 h-y-container h-column__content h-column__v-align flex-basis-100 align-self-lg-start align-self-md-start align-self-start\">\n                <!---->\n                <div data-colibri-id=\"774-c9\" class=\"h-global-transition-all h-heading style-791 style-local-774-c9 position-relative h-element\">\n                  <!---->\n                  <div class=\"h-heading__outer style-791 style-local-774-c9\">\n                    <!---->\n                    <!---->\n                    <h5 class=\"\">SARI HALI YIKAMA HAKKIMIZDA<\/h5>\n                  <\/div>\n                <\/div>\n                <div data-colibri-id=\"774-c10\" class=\"h-global-transition-all h-heading style-792 style-local-774-c10 position-relative h-element\">\n                  <!---->\n                  <div class=\"h-heading__outer style-792 style-local-774-c10\">\n                    <!---->\n                    <!---->\n                    <h3 class=\"\">SARI HALI YIKAMA<\/h3>\n                  <\/div>\n                <\/div>\n                <div data-colibri-id=\"774-c11\" class=\"h-text h-text-component style-793 style-local-774-c11 position-relative h-element\">\n                  <!---->\n                  <!---->\n                  <div class=\"\">\n                    <p>2015 Y\u0131l\u0131nda Tekirda\u011f \u00c7erkezk\u00f6y de \u00e7a\u011f\u0131m\u0131z\u0131n en b\u00fcy\u00fck unsurlar\u0131ndan olan temizlik sekt\u00f6r\u00fcne yard\u0131mc\u0131 olma ad\u0131na kurulmu\u015ftur. Firmam\u0131z ki\u015fisel hal\u0131 koltuk yorgan perde y\u0131kama hizmetlerini y\u0131llar\u0131n verdi\u011fi tecr\u00fcbe, bilginin birikimiyle\n                      ve kapasitesindeki art\u0131\u015fla oteller ma\u011fazalar yurtlar g\u00fczellik salonlar\u0131 restoranlar kafeler lokaller vb. i\u015fletmelerin hizmetindedir. Firmam\u0131zda kullan\u0131lan deterjanlar, yumu\u015fat\u0131c\u0131lar, parf\u00fcmler, yumu\u015fat\u0131c\u0131lar herkes taraf\u0131ndan bilinen\n                      kalite anlam\u0131nda piyasada bulunanlar\u0131n en iyisidir.<\/p>\n                    <p>\n                      <br>\n                    <\/p>\n                    <p>\n                      <br>\n                    <\/p>\n                    <p>\n                      <br>\n                    <\/p>\n                    <p>\n                      <br>\n                    <\/p>\n                    <p>\n                      <br>\n                    <\/p>\n                    <p>\n                      <br>\n                    <\/p>\n                    <p>\n                      <br>\n                    <\/p>\n                    <p>\n                      <br>\n                    <\/p>\n                  <\/div>\n                <\/div>\n              <\/div>\n            <\/div>\n          <\/div>\n        <\/div>\n      <\/div>\n    <\/div>\n  <\/div>\n<\/div>","protected":false},"excerpt":{"rendered":"<p>SARI HALI YIKAMA HAKKIMIZDA SARI HALI YIKAMA 2015 Y\u0131l\u0131nda Tekirda\u011f \u00c7erkezk\u00f6y de \u00e7a\u011f\u0131m\u0131z\u0131n en b\u00fcy\u00fck unsurlar\u0131ndan olan temizlik sekt\u00f6r\u00fcne yard\u0131mc\u0131 olma ad\u0131na kurulmu\u015ftur. Firmam\u0131z ki\u015fisel hal\u0131 koltuk yorgan perde y\u0131kama hizmetlerini y\u0131llar\u0131n verdi\u011fi tecr\u00fcbe, bilginin birikimiyle ve kapasitesindeki art\u0131\u015fla oteller ma\u011fazalar yurtlar g\u00fczellik salonlar\u0131 restoranlar kafeler lokaller vb. i\u015fletmelerin hizmetindedir. Firmam\u0131zda kullan\u0131lan deterjanlar, yumu\u015fat\u0131c\u0131lar, parf\u00fcmler, [&hellip;]<\/p>\n","protected":false},"author":1,"featured_media":0,"parent":0,"menu_order":0,"comment_status":"closed","ping_status":"closed","template":"page-templates\/full-width-page.php","meta":{"om_disable_all_campaigns":false,"_uag_custom_page_level_css":"","_monsterinsights_skip_tracking":false,"_monsterinsights_sitenote_active":false,"_monsterinsights_sitenote_note":"","_monsterinsights_sitenote_category":0,"footnotes":""},"class_list":["post-774","page","type-page","status-publish","hentry"],"aioseo_notices":[],"uagb_featured_image_src":{"full":false,"thumbnail":false,"medium":false,"medium_large":false,"large":false,"1536x1536":false,"2048x2048":false},"uagb_author_info":{"display_name":"admin","author_link":"https:\/\/sarihaliyikama.com\/index.php\/author\/admin\/"},"uagb_comment_info":0,"uagb_excerpt":"SARI HALI YIKAMA HAKKIMIZDA SARI HALI YIKAMA 2015 Y\u0131l\u0131nda Tekirda\u011f \u00c7erkezk\u00f6y de \u00e7a\u011f\u0131m\u0131z\u0131n en b\u00fcy\u00fck unsurlar\u0131ndan olan temizlik sekt\u00f6r\u00fcne yard\u0131mc\u0131 olma ad\u0131na kurulmu\u015ftur. Firmam\u0131z ki\u015fisel hal\u0131 koltuk yorgan perde y\u0131kama hizmetlerini y\u0131llar\u0131n verdi\u011fi tecr\u00fcbe, bilginin birikimiyle ve kapasitesindeki art\u0131\u015fla oteller ma\u011fazalar yurtlar g\u00fczellik salonlar\u0131 restoranlar kafeler lokaller vb. i\u015fletmelerin hizmetindedir. Firmam\u0131zda kullan\u0131lan deterjanlar, yumu\u015fat\u0131c\u0131lar, parf\u00fcmler,&hellip;","_links":{"self":[{"href":"https:\/\/sarihaliyikama.com\/index.php\/wp-json\/wp\/v2\/pages\/774","targetHints":{"allow":["GET"]}}],"collection":[{"href":"https:\/\/sarihaliyikama.com\/index.php\/wp-json\/wp\/v2\/pages"}],"about":[{"href":"https:\/\/sarihaliyikama.com\/index.php\/wp-json\/wp\/v2\/types\/page"}],"author":[{"embeddable":true,"href":"https:\/\/sarihaliyikama.com\/index.php\/wp-json\/wp\/v2\/users\/1"}],"replies":[{"embeddable":true,"href":"https:\/\/sarihaliyikama.com\/index.php\/wp-json\/wp\/v2\/comments?post=774"}],"version-history":[{"count":2,"href":"https:\/\/sarihaliyikama.com\/index.php\/wp-json\/wp\/v2\/pages\/774\/revisions"}],"predecessor-version":[{"id":880,"href":"https:\/\/sarihaliyikama.com\/index.php\/wp-json\/wp\/v2\/pages\/774\/revisions\/880"}],"wp:attachment":[{"href":"https:\/\/sarihaliyikama.com\/index.php\/wp-json\/wp\/v2\/media?parent=774"}],"curies":[{"name":"wp","href":"https:\/\/api.w.org\/{rel}","templated":true}]}}