{"id":770,"date":"2025-12-02T08:55:11","date_gmt":"2025-12-02T08:55:11","guid":{"rendered":"http:\/\/sarihaliyikama.com\/?page_id=770"},"modified":"2025-12-04T16:54:29","modified_gmt":"2025-12-04T16:54:29","slug":"hizmetlerimiz","status":"publish","type":"page","link":"https:\/\/sarihaliyikama.com\/index.php\/hizmetlerimiz\/","title":{"rendered":"H\u0130ZMETLER\u0130M\u0130Z"},"content":{"rendered":"<div data-colibri-id=\"770-c1\" class=\"style-762 style-local-770-c1 position-relative\">\n  <!---->\n  <div data-colibri-component=\"section\" data-colibri-id=\"770-c18\" id=\"custom\" class=\"h-section h-section-global-spacing d-flex align-items-lg-center align-items-md-center align-items-center style-779 style-local-770-c18 position-relative\">\n    <!---->\n    <!---->\n    <div class=\"h-section-grid-container h-section-boxed-container\">\n      <!---->\n      <div data-colibri-id=\"770-c19\" class=\"h-row-container gutters-row-lg-2 gutters-row-md-2 gutters-row-0 gutters-row-v-lg-2 gutters-row-v-md-2 gutters-row-v-2 style-780 style-local-770-c19 position-relative\">\n        <!---->\n        <div class=\"h-row justify-content-lg-center justify-content-md-center justify-content-center align-items-lg-stretch align-items-md-stretch align-items-stretch gutters-col-lg-2 gutters-col-md-2 gutters-col-0 gutters-col-v-lg-2 gutters-col-v-md-2 gutters-col-v-2\">\n          <!---->\n          <div class=\"h-column h-column-container d-flex h-col-lg-auto h-col-md-auto h-col-auto style-781-outer style-local-770-c20-outer\">\n            <div data-colibri-id=\"770-c20\" class=\"d-flex h-flex-basis h-column__inner h-px-lg-2 h-px-md-2 h-px-2 v-inner-lg-2 v-inner-md-2 v-inner-2 style-781 style-local-770-c20 position-relative\">\n              <!---->\n              <!---->\n              <div class=\"w-100 h-y-container h-column__content h-column__v-align flex-basis-100 align-self-lg-end align-self-md-end align-self-end\">\n                <!---->\n                <div data-colibri-id=\"770-c21\" class=\"icon-list d-flex justify-content-lg-start justify-content-md-start justify-content-start style-782 style-local-770-c21 position-relative h-element\">\n                  <!---->\n                  <ul class=\"ul-list-icon vertical-on-desktop vertical-on-tablet vertical-on-mobile justify-content-lg-start justify-content-md-start justify-content-start\">\n                    <!---->\n                    <li class=\"list-item no-gutters\">\n                      <!---->\n                      <div class=\"list-container-divider d-flex justify-content-lg-start justify-content-md-start justify-content-start first-el-spacer\"><\/div> <span class=\"item-link no-gutters\"><div class=\"d-flex h-col no-gutters align-items-lg-center align-items-md-center align-items-center list-item-text-wrapper\"><div class=\"d-flex\"><span  class=\"h-svg-icon style-782-icon style-local-770-c21-icon\"><!--Icon by Font Awesome (https:\/\/fontawesome.com)-->\n    <svg version=\"1.1\" xmlns=\"http:\/\/www.w3.org\/2000\/svg\" xmlns:xlink=\"http:\/\/www.w3.org\/1999\/xlink\" id=\"tint\" viewBox=\"0 0 1058.2744 1896.0833\">\n      <path d=\"M512 1152q0-36-20-69-1-1-15.5-22.5t-25.5-38-25-44-21-50.5q-4-16-21-16t-21 16q-7 23-21 50.5t-25 44-25.5 38T276 1083q-20 33-20 69 0 53 37.5 90.5T384 1280t90.5-37.5T512 1152zm512-128q0 212-150 362t-362 150-362-150T0 1024q0-145 81-275 6-9 62.5-90.5t101-151 99.5-178T427 128q9-30 34-47t51-17 51.5 17 33.5 47q28 93 83 201.5t99.5 178 101 151T943 749q81 127 81 275z\"><\/path>\n    <\/svg><\/span><\/div> <span class=\"list-text d-block\"><span>HALI YIKAMA<\/span><\/span>\n              <\/div>\n              <\/span>\n              <div class=\"list-container-divider d-flex justify-content-lg-start justify-content-md-start justify-content-start\">\n                <!---->\n              <\/div>\n              <\/li>\n              <li class=\"list-item no-gutters\">\n                <!---->\n                <!----><span class=\"item-link no-gutters\"><div class=\"d-flex h-col no-gutters align-items-lg-center align-items-md-center align-items-center list-item-text-wrapper\"><div class=\"d-flex\"><span  class=\"h-svg-icon style-782-icon style-local-770-c21-icon\"><!--Icon by Font Awesome (https:\/\/fontawesome.com)-->\n    <svg version=\"1.1\" xmlns=\"http:\/\/www.w3.org\/2000\/svg\" xmlns:xlink=\"http:\/\/www.w3.org\/1999\/xlink\" id=\"tint\" viewBox=\"0 0 1058.2744 1896.0833\">\n      <path d=\"M512 1152q0-36-20-69-1-1-15.5-22.5t-25.5-38-25-44-21-50.5q-4-16-21-16t-21 16q-7 23-21 50.5t-25 44-25.5 38T276 1083q-20 33-20 69 0 53 37.5 90.5T384 1280t90.5-37.5T512 1152zm512-128q0 212-150 362t-362 150-362-150T0 1024q0-145 81-275 6-9 62.5-90.5t101-151 99.5-178T427 128q9-30 34-47t51-17 51.5 17 33.5 47q28 93 83 201.5t99.5 178 101 151T943 749q81 127 81 275z\"><\/path>\n    <\/svg><\/span><\/div> <span class=\"list-text d-block\"><span>KOLTUK YIKAMA<\/span><\/span>\n          <\/div>\n          <\/span>\n          <div class=\"list-container-divider d-flex justify-content-lg-start justify-content-md-start justify-content-start\">\n            <!---->\n          <\/div>\n          <\/li>\n          <li class=\"list-item no-gutters\">\n            <!---->\n            <!----><span class=\"item-link no-gutters\"><div class=\"d-flex h-col no-gutters align-items-lg-center align-items-md-center align-items-center list-item-text-wrapper\"><div class=\"d-flex\"><span  class=\"h-svg-icon style-782-icon style-local-770-c21-icon\"><!--Icon by Font Awesome (https:\/\/fontawesome.com)-->\n    <svg version=\"1.1\" xmlns=\"http:\/\/www.w3.org\/2000\/svg\" xmlns:xlink=\"http:\/\/www.w3.org\/1999\/xlink\" id=\"tint\" viewBox=\"0 0 1058.2744 1896.0833\">\n      <path d=\"M512 1152q0-36-20-69-1-1-15.5-22.5t-25.5-38-25-44-21-50.5q-4-16-21-16t-21 16q-7 23-21 50.5t-25 44-25.5 38T276 1083q-20 33-20 69 0 53 37.5 90.5T384 1280t90.5-37.5T512 1152zm512-128q0 212-150 362t-362 150-362-150T0 1024q0-145 81-275 6-9 62.5-90.5t101-151 99.5-178T427 128q9-30 34-47t51-17 51.5 17 33.5 47q28 93 83 201.5t99.5 178 101 151T943 749q81 127 81 275z\"><\/path>\n    <\/svg><\/span><\/div> <span class=\"list-text d-block\"><span>STOR PERDE YIKAMA<\/span><\/span>\n      <\/div>\n      <\/span>\n      <div class=\"list-container-divider d-flex justify-content-lg-start justify-content-md-start justify-content-start\">\n        <!---->\n      <\/div>\n      <\/li>\n      <li class=\"list-item no-gutters\">\n        <!---->\n        <!----><span class=\"item-link no-gutters\"><div class=\"d-flex h-col no-gutters align-items-lg-center align-items-md-center align-items-center list-item-text-wrapper\"><div class=\"d-flex\"><span  class=\"h-svg-icon style-782-icon style-local-770-c21-icon\"><!--Icon by Font Awesome (https:\/\/fontawesome.com)-->\n    <svg version=\"1.1\" xmlns=\"http:\/\/www.w3.org\/2000\/svg\" xmlns:xlink=\"http:\/\/www.w3.org\/1999\/xlink\" id=\"tint\" viewBox=\"0 0 1058.2744 1896.0833\">\n      <path d=\"M512 1152q0-36-20-69-1-1-15.5-22.5t-25.5-38-25-44-21-50.5q-4-16-21-16t-21 16q-7 23-21 50.5t-25 44-25.5 38T276 1083q-20 33-20 69 0 53 37.5 90.5T384 1280t90.5-37.5T512 1152zm512-128q0 212-150 362t-362 150-362-150T0 1024q0-145 81-275 6-9 62.5-90.5t101-151 99.5-178T427 128q9-30 34-47t51-17 51.5 17 33.5 47q28 93 83 201.5t99.5 178 101 151T943 749q81 127 81 275z\"><\/path>\n    <\/svg><\/span><\/div> <span class=\"list-text d-block\"><span>YORGAN YIKAMA<\/span><\/span>\n  <\/div>\n  <\/span>\n  <div class=\"list-container-divider d-flex justify-content-lg-start justify-content-md-start justify-content-start\">\n    <!---->\n  <\/div>\n  <\/li>\n  <li class=\"list-item no-gutters\">\n    <!---->\n    <!----><span class=\"item-link no-gutters\"><div class=\"d-flex h-col no-gutters align-items-lg-center align-items-md-center align-items-center list-item-text-wrapper\"><div class=\"d-flex\"><span  class=\"h-svg-icon style-782-icon style-local-770-c21-icon\"><!--Icon by Font Awesome (https:\/\/fontawesome.com)-->\n    <svg version=\"1.1\" xmlns=\"http:\/\/www.w3.org\/2000\/svg\" xmlns:xlink=\"http:\/\/www.w3.org\/1999\/xlink\" id=\"tint\" viewBox=\"0 0 1058.2744 1896.0833\">\n      <path d=\"M512 1152q0-36-20-69-1-1-15.5-22.5t-25.5-38-25-44-21-50.5q-4-16-21-16t-21 16q-7 23-21 50.5t-25 44-25.5 38T276 1083q-20 33-20 69 0 53 37.5 90.5T384 1280t90.5-37.5T512 1152zm512-128q0 212-150 362t-362 150-362-150T0 1024q0-145 81-275 6-9 62.5-90.5t101-151 99.5-178T427 128q9-30 34-47t51-17 51.5 17 33.5 47q28 93 83 201.5t99.5 178 101 151T943 749q81 127 81 275z\"><\/path>\n    <\/svg><\/span><\/div> <span class=\"list-text d-block\"><span>BATTAN\u0130YE YIKAMA<\/span><\/span>\n<\/div>\n<\/span>\n<div class=\"list-container-divider d-flex justify-content-lg-start justify-content-md-start justify-content-start\" style=\"display: none;\">\n  <!---->\n<\/div>\n<div class=\"list-container-divider d-flex justify-content-lg-start justify-content-md-start justify-content-start last-el-spacer\"><\/div>\n<\/li>\n<\/ul>\n<\/div>\n<\/div>\n<\/div>\n<\/div>\n<\/div>\n<\/div>\n<\/div>\n<\/div>\n<\/div>","protected":false},"excerpt":{"rendered":"<p>HALI YIKAMA KOLTUK YIKAMA STOR PERDE YIKAMA YORGAN YIKAMA BATTAN\u0130YE YIKAMA<\/p>\n","protected":false},"author":1,"featured_media":0,"parent":0,"menu_order":3,"comment_status":"closed","ping_status":"closed","template":"page-templates\/full-width-page.php","meta":{"om_disable_all_campaigns":false,"_uag_custom_page_level_css":"","_monsterinsights_skip_tracking":false,"_monsterinsights_sitenote_active":false,"_monsterinsights_sitenote_note":"","_monsterinsights_sitenote_category":0,"footnotes":""},"class_list":["post-770","page","type-page","status-publish","hentry"],"aioseo_notices":[],"uagb_featured_image_src":{"full":false,"thumbnail":false,"medium":false,"medium_large":false,"large":false,"1536x1536":false,"2048x2048":false},"uagb_author_info":{"display_name":"admin","author_link":"https:\/\/sarihaliyikama.com\/index.php\/author\/admin\/"},"uagb_comment_info":0,"uagb_excerpt":"HALI YIKAMA KOLTUK YIKAMA STOR PERDE YIKAMA YORGAN YIKAMA BATTAN\u0130YE YIKAMA","_links":{"self":[{"href":"https:\/\/sarihaliyikama.com\/index.php\/wp-json\/wp\/v2\/pages\/770","targetHints":{"allow":["GET"]}}],"collection":[{"href":"https:\/\/sarihaliyikama.com\/index.php\/wp-json\/wp\/v2\/pages"}],"about":[{"href":"https:\/\/sarihaliyikama.com\/index.php\/wp-json\/wp\/v2\/types\/page"}],"author":[{"embeddable":true,"href":"https:\/\/sarihaliyikama.com\/index.php\/wp-json\/wp\/v2\/users\/1"}],"replies":[{"embeddable":true,"href":"https:\/\/sarihaliyikama.com\/index.php\/wp-json\/wp\/v2\/comments?post=770"}],"version-history":[{"count":3,"href":"https:\/\/sarihaliyikama.com\/index.php\/wp-json\/wp\/v2\/pages\/770\/revisions"}],"predecessor-version":[{"id":873,"href":"https:\/\/sarihaliyikama.com\/index.php\/wp-json\/wp\/v2\/pages\/770\/revisions\/873"}],"wp:attachment":[{"href":"https:\/\/sarihaliyikama.com\/index.php\/wp-json\/wp\/v2\/media?parent=770"}],"curies":[{"name":"wp","href":"https:\/\/api.w.org\/{rel}","templated":true}]}}